ainder when 303 is divided by 38?
37
Calculate the remainder when 24298 is divided by 150.
148
Calculate the remainder when 1569 is divided by 229.
195
Calculate the remainder when 1889 is divided by 35.
34
What is the remainder when 5024 is divided by 335?
334
Calculate the remainder when 51 is divided by 28.
23
Calculate the remainder when 6856 is divided by 73.
67
Calculate the remainder when 344 is divided by 34.
4
Calculate the remainder when 36 is divided by 3.
0
Calculate the remainder when 95 is divided by 48.
47
Calculate the remainder when 3831 is divided by 1273.
12
Calculate the remainder when 183 is divided by 37.
35
Calculate the remainder when 96 is divided by 10.
6
What is the remainder when 3017 is divided by 10?
7
What is the remainder when 62 is divided by 13?
10
Calculate the remainder when 1614 is divided by 33.
30
Calculate the remainder when 206 is divided by 96.
14
What is the remainder when 566 is divided by 68?
22
What is the remainder when 384 is divided by 77?
76
Calculate the remainder when 1572 is divided by 83.
78
Calculate the remainder when 1719 is divided by 10.
9
What is the remainder when 147 is divided by 77?
70
Calculate the remainder when 53876 is divided by 341.
339
What is the remainder when 1308 is divided by 152?
92
What is the remainder when 57 is divided by 56?
1
What is the remainder when 40 is divided by 14?
12
Calculate the remainder when 51 is divided by 12.
3
Calculate the remainder when 136 is divided by 40.
16
What is the remainder when 152 is divided by 91?
61
Calculate the remainder when 66 is divided by 35.
31
What is the remainder when 120 is divided by 25?
20
Calculate the remainder when 207 is divided by 86.
35
Calculate the remainder when 141 is divided by 10.
1
What is the remainder when 69 is divided by 22?
3
Calculate the remainder when 96 is divided by 51.
45
Calculate the remainder when 3205 is divided by 9.
1
Calculate the remainder when 4810 is divided by 6.
4
Calculate the remainder when 120 is divided by 34.
18
What is the remainder when 107 is divided by 10?
7
Calculate the remainder when 437 is divided by 106.
13
What is the remainder when 7900 is divided by 59?
53
What is the remainder when 343 is divided by 76?
39
Calculate the remainder when 1747 is divided by 46.
45
Calculate the remainder when 360 is divided by 120.
0
Calculate the remainder when 2085 is divided by 161.
153
What is the remainder when 6190 is divided by 43?
41
What is the remainder when 1066 is divided by 354?
4
Calculate the remainder when 223 is divided by 89.
45
Calculate the remainder when 220 is divided by 74.
72
What is the remainder when 348 is divided by 92?
72
What is the remainder when 382 is divided by 132?
118
Calculate the remainder when 235 is divided by 86.
63
What is the remainder when 1886 is divided by 77?
38
Calculate the remainder when 27 is divided by 20.
7
Calculate the remainder when 2 is divided by 2.
0
Calculate the remainder when 445 is divided by 75.
70
Calculate the remainder when 78 is divided by 20.
18
What is the remainder when 596 is divided by 20?
16
Calculate the remainder when 284 is divided by 18.
14
What is the remainder when 5655 is divided by 26?
13
What is the remainder when 36 is divided by 20?
16
What is the remainder when 161 is divided by 62?
37
Calculate the remainder when 75 is divided by 23.
6
What is the remainder when 483 is divided by 54?
51
Calculate the remainder when 239 is divided by 83.
73
What is the remainder when 958 is divided by 237?
10
Calculate the remainder when 359 is divided by 3.
2
Calculate the remainder when 31 is divided by 30.
1
What is the remainder when 248 is divided by 36?
32
What is the remainder when 560 is divided by 38?
28
Calculate the remainder when 482 is divided by 168.
146
What is the remainder when 647 is divided by 27?
26
Calculate the remainder when 367 is divided by 37.
34
Calculate the remainder when 113 is divided by 11.
3
What is the remainder when 45 is divided by 14?
3
What is the remainder when 47274 is divided by 53?
51
Calculate the remainder when 4947 is divided by 30.
27
Calculate the remainder when 9281 is divided by 11.
8
Calculate the remainder when 55 is divided by 29.
26
What is the remainder when 170 is divided by 35?
30
Calculate the remainder when 310 is divided by 91.
37
Calculate the remainder when 176 is divided by 91.
85
Calculate the remainder when 409 is divided by 103.
100
What is the remainder when 78 is divided by 16?
14
Calculate the remainder when 51 is divided by 36.
15
Calculate the remainder when 1119 is divided by 118.
57
What is the remainder when 6738 is divided by 20?
18
Calculate the remainder when 37 is divided by 23.
14
What is the remainder when 477 is divided by 120?
117
What is the remainder when 196 is divided by 18?
16
What is the remainder when 3976 is divided by 153?
151
Calculate the remainder when 647 is divided by 16.
7
Calculate the remainder when 468 is divided by 175.
118
Calculate the remainder when 860 is divided by 96.
92
Calculate the remainder when 8396 is divided by 42.
38
What is the remainder when 77 is divided by 6?
5
What is the remainder when 5802 is divided by 2888?
26
What is the remainder when 5 is divided by 2?
1
What is the remainder when 10 is divided by 5?
0
Calculate the remainder when 788 is divided by 391.
6
What is the remainder when 4903 is divided by 22?
19
Calculate the remainder when 37 is divided by 14.
9
What is the remainder when 957 is divided by 24?
21
What is the remainder when 51147 is divided by 33?
30
Calculate the remainder when 1779 is divided by 137.
135
Calculate the remainder when 491 is divided by 64.
43
What is the remainder when 164 is divided by 39?
8
What is the remainder when 683 is divided by 18?
17
Calculate the remainder when 36558 is divided by 7.
4
What is the remainder when 162 is divided by 33?
30
Calculate the remainder when 4269 is divided by 70.
69
What is the remainder when 257 is divided by 7?
5
Calculate the remainder when 387 is divided by 114.
45
What is the remainder when 4959 is divided by 121?
119
Calculate the remainder when 91 is divided by 3.
1
Calculate the remainder when 2266 is divided by 63.
61
Calculate the remainder when 23 is divided by 13.
10
Calculate the remainder when 216 is divided by 13.
8
Calculate the remainder when 561 is divided by 47.
44
What is the remainder when 838 is divided by 137?
16
Calculate the remainder when 283 is divided by 111.
61
What is the remainder when 1779 is divided by 590?
9
What is the remainder when 118 is divided by 22?
8
What is the remainder when 4389 is divided by 122?
119
Calculate the remainder when 148 is divided by 60.
28
Calculate the remainder when 762 is divided by 35.
27
What is the remainder when 5614 is divided by 13?
11
What is the remainder when 2299 is divided by 105?
94
What is the remainder when 1351 is divided by 113?
108
What is the remainder when 887 is divided by 74?
73
Calculate the remainder when 472 is divided by 43.
42
What is the remainder when 394 is divided by 102?
88
What is the remainder when 102 is divided by 35?
32
Calculate the remainder when 2324 is divided by 24.
20
What is the remainder when 489 is divided by 99?
93
What is the remainder when 104 is divided by 12?
8
Calculate the remainder when 163 is divided by 23.
2
Calculate the remainder when 3162 is divided by 132.
126
Calculate the remainder when 1709 is divided by 15.
14
Calculate the remainder when 28545 is divided by 18.
15
Calculate the remainder when 93 is divided by 27.
12
What is the remainder when 310 is divided by 113?
84
Calculate the remainder when 498 is divided by 97.
13
What is the remainder when 4270 is divided by 8?
6
Calculate the remainder when 64 is divided by 28.
8
What is the remainder when 18614 is divided by 15?
14
Calculate the remainder when 1476 is divided by 735.
6
Calculate the remainder when 997 is divided by 111.
109
Calculate the remainder when 12094 is divided by 56.
54
What is the remainder when 11183 is divided by 1118?
3
Calculate the remainder when 445 is divided by 8.
5
Calculate the remainder when 1925 is divided by 43.
33
What is the remainder when 383 is divided by 35?
33
Calculate the remainder when 72 is divided by 25.
22
